9?
5
Let x(v) = v**3 + 2*v**2 + v + 3. Let g(m) = -m**3 - 8*m**2. Let c be g(-8). Let z be x(c). What is the tens digit of (z - -5)/((-5)/(670/(-4)))?
6
Let y be 3/2*1076/6. Let i(l) = -2*l**2 + 166*l - 328. Let c be i(81). What is the units digit of 5 + -2 + y + c?
8
Suppose 730 = -12*h + 29710. What is the units digit of h?
5
Let v be 6/4 - -22*4/16. Suppose -v = u - 675. What is the units digit of u?
8
Let o be (-1597 - 1 - -2) + (20 - 20). Let q be (-2)/(-16) + o/(-32) + 1. Suppose 4*z + 47 = 2*s - q, 0 = z - 5. What is the units digit of s?
9
Let w be (-1)/(9/(-26)) - 1/(-9). Suppose -5*p - 1625 = -4*s, -402 = -8*s + 7*s - w*p. What is the units digit of s?
5
Suppose -4*j + 84 = 5*h, -3*j + 99 = 5*h + 11. Suppose -h*x = 4*x - 23184. What is the tens digit of x?
6
Suppose 5*a - 61 = 69. Let f be a/(1*(-3 - -4) + -3). What is the units digit of f/((-117)/132)*18/4?
6
Let f(p) = 47*p**2 + 27*p - 96. Let t be f(4). Let a = -224 + t. What is the tens digit of a?
4
Let q(r) be the second derivative of r**4/3 - 7*r**3/6 + 17*r**2 - 145*r. What is the tens digit of q(10)?
6
Suppose 2*g = 640 - 52. What is the hundreds digit of g?
2
Suppose -4*p = 1 + 7. Let q be (323/(-68))/(p/(-8)). What is the units digit of (q + 20)/(1 - (-72)/(-73))?
3
Let d be (-126)/1827 - (-634)/(-58). Let k(w) = -w**3 + w**2 + 12*w - 11. What is the thousands digit of k(d)?
1
Suppose 0 = p - d - 4033, 5*p + 4*d - 16289 - 3885 = 0. What is the thousands digit of p?
4
What is the hundreds digit of 4099 - (4 + 0)/(3/6)?
0
Let b = 17082 + 12961. What is the thousands digit of b?
0
Let h be 218/4 + (-12)/(-24). Let m = h + -53. Suppose 3*d = -d - 4, -3*l = m*d - 352. What is the units digit of l?
8
Let u be 9 + 3 - (2 - (2 - 3)). Let r = u - 5. Suppose -r = -4*h, 2*t - 5*h + 3*h = 406. What is the tens digit of t?
0
Suppose -5*p - 37 = -d, -4*d - 50 + 153 = -5*p. Let y be (151/(-4))/(15/60). Let m = d - y. What is the units digit of m?
3
Suppose -4*p + 5*k = -30149, 2*k + 10345 - 32951 = -3*p. What is the tens digit of p?
3
Let y = -41085 - -69271. What is the ten thousands digit of y?
2
Let k = -44709 + 80865. What is the hundreds digit of k?
1
Let m = -16 + 24. Let i be (-2)/(m/12*1). Let w(q) = -3*q + 4. What is the tens digit of w(i)?
1
Let j(y) = 506*y**2 - 11*y - 2. Let x be j(-2). Suppose -8*b + x = -b. What is the hundreds digit of b?
2
Suppose -447177 = -88*j + 2545439. What is the tens digit of j?
0
Let j = 47 + -34. Suppose -j = -o - 61. Let p = -41 - o. What is the units digit of p?
7
Suppose -4847256 = -12*j + 8*j - 104*j. What is the tens digit of j?
8
Let a(w) = -3*w + 24. Let z be a(1). Suppose 5*j - 26 + z = 0. What is the units digit of j?
1
Let l(d) = 17*d**3 + d + 2. Suppose 17 = -2*j + 5*n - 2*n, -3*j - 5*n + 22 = 0. Let h be l(j). Let m = 182 + h. What is the units digit of m?
6
Suppose 0 = -7*i + 5*i - 6, 3*c - 38283 = -i. What is the hundreds digit of c?
7
Let n(v) be the second derivative of v**5/20 + v**4/3 + v**3/3 - 8*v. Let d be n(-3). What is the hundreds digit of 1/d*0 - -124?
1
Let m = 205 + 670. Let w = -164 + m. What is the hundreds digit of 2/8 - w/(-4)?
1
Let z(o) = o + 12. Let l be z(16). Suppose -2*v - 12 = -4*m - 0, 5*m - l = -4*v. Suppose n = -g - 0 + 30, -g = m. What is the tens digit of n?
3
Let z(t) = 495*t - 766. What is the thousands digit of z(14)?
6
Suppose 0 = -5*l - 4*c + 62 + 58, -5*c = 3*l - 59. Suppose -l = -z + 72. What is the units digit of z?
0
Let f(u) = -713*u - 1424. What is the thousands digit of f(-8)?
4
Let w = 8 + -5. Suppose -w*r = -2*y - 646, 5*y - 892 = -3*r - r. What is the units digit of r?
8
Let c(i) = -12*i + 4. Let t be c(-11). Let n be (t/(-20) - 3/15)*-1. Suppose -n*k + 223 = -1177. What is the tens digit of k?
0
Let n(v) be the first derivative of -v**4/4 + 7*v**3 - 3*v**2/2 + 19*v - 92. What is the tens digit of n(17)?
2
Suppose 0 = -4*w - 16, -95*w + 98*w + 20658 = 2*p. What is the tens digit of p?
2
Suppose 126 + 11898 = 4*x + 2*t, 4*x + 3*t = 12026. Suppose -8*i = -3*i, -5*i = -5*z + x. What is the hundreds digit of z?
6
Let z(u) = 12*u**2 - 106*u + 139. What is the units digit of z(32)?
5
What is the thousands digit of -8 + (36486/8)/(14 - (-220)/(-16))?
8
Let p(t) = 1064*t**2 - 46*t - 176. What is the tens digit of p(-5)?
5
Suppose -22903 - 45407 = -3*v + 3*k, 4*v = 2*k + 91080. What is the hundreds digit of v?
7
Let m = 216 + -135. Let z be ((18/(-20) + 1)*90)/(1/(-13)). Let u = m - z. What is the units digit of u?
8
Let w = -305 + 305. Suppose w = -7*f + 7346 - 1760. What is the units digit of f?
8
Suppose 0 = 13*v - 21659 - 11439. Let b = v + -1027. What is the hundreds digit of b?
5
Let u be 32/12 - 1 - (-23)/69. Suppose 0 = 16*k - u*k - 7518. What is the units digit of k?
7
Suppose 5*y + 2*r = 9952 + 178, -2004 = -y + 4*r. Suppose -y = 116*m - 124*m. What is the tens digit of m?
5
Suppose 17*d + 247 = -875. What is the tens digit of ((-10)/4 + -6)*d?
6
Suppose h - 2 = 0, 271*c - 276*c + 5403 = -h. What is the thousands digit of c?
1
Let x(t) be the second derivative of 22*t**3/3 + 13*t**2/2 - 3*t + 13. What is the tens digit of x(8)?
6
Let u(b) be the third derivative of 35*b**4/12 - 6*b**3 + b**2 - 27*b. What is the units digit of u(2)?
4
Suppose 2*o - 5*p + 5841 = 0, -2*o + 6*o - 5*p = -11657. Let q = o + 4313. What is the tens digit of q?
0
Suppose 1299*q - 1153*q - 3314930 = 0. What is the units digit of q?
5
Let z = -496 - 119. What is the tens digit of (z/9 + -7)/(2/(-15))?
6
Suppose 10*f = -5*f + 105. What is the hundreds digit of ((-3135)/(-6) + f)*4/3?
7
Let k(x) = -x**3 - 25*x**2 + 52*x + 419. What is the tens digit of k(-28)?
1
Let v(d) = -d**3 - 3*d**2 + 8*d + 6. Let b be v(-8). Suppose 4*h - b = o, -h - 5*o = 2*h - 208. Let j = h + -15. What is the units digit of j?
1
Let s(a) be the third derivative of 5*a**5/6 - 29*a**4/24 - 149*a**3/6 - 19*a**2. What is the units digit of s(-5)?
6
Let p be (0 - (-5 - -1)) + -3. Let u be 495/(-20) + 1/(-4). What is the hundreds digit of (p - (-6)/(-10)) + (-2840)/u?
1
Let a = -12 + 18. Suppose 4*y - p = 66, 3*y - a*y + 61 = 5*p. Let z = y + 25. What is the tens digit of z?
4
Suppose 2*w = -2*w + 252. Let f = 133 - 178. Let m = w - f. What is the tens digit of m?
0
Let v = 107 - 67. Let u = v - 76. What is the units digit of ((-52)/7)/(u/126)?
6
Let c(w) = -8 - 15 + 14*w + 87*w**2 - 22 + 14 - 30. What is the units digit of c(3)?
4
Suppose -5*l = -m + 671, 4*l + 175 = m - 361. Suppose j + 187 = 4*q, -4*j + 2*q = -3*q + 759. Let d = l - j. What is the tens digit of d?
5
Suppose -5*g = -3*u + 29894, -7*u + 12*u = -3*g + 49846. What is the units digit of u?
8
Suppose -4*r = -42 + 6. Suppose -6*f + 1125 = r*f. What is the units digit of f?
5
Let g be (20320/(-85))/(-8) - 4/(-34). What is the hundreds digit of 11414/10 + g/(-75)?
1
Suppose 1751*n - 32569 = -2*p + 1746*n, -2*p - 2*n + 32578 = 0. What is the thousands digit of p?
6
Suppose -68 = -4*y - 4*x, -x + 44 = 3*y - 5*x. Let s = 9 - y. Let j(t) = 2*t**2 + 4*t - 1. What is the units digit of j(s)?
9
Let w(k) = -40*k**2 + 12*k + 12. Let d be w(-1). Let r = 243 + d. What is the hundreds digit of r?
2
What is the hundreds digit of (16/12)/(60/205815) - 4/(-3)?
5
Let i = -29622 - -50456. What is the units digit of i?
4
Let q(p) = 1454*p + 2145. What is the hundreds digit of q(10)?
6
Let u = 6638 + 11106. What is the hundreds digit of u?
7
What is the units digit of (-12)/(-24) - 67461/(-6)?
4
Let g be -1 + 1/((-1)/(-6)). Suppose 2*m = 3*j - 0*j + 12, -3*m - 5*j - 20 = 0. Suppose 5*k - 60 = -2*w - w, m = g*w. What is the units digit of k?
2
Suppose 6688152 = 18*d + 324*d. What is the tens digit of d?
5
Suppose -3679 - 130810 + 1439 = -15*z. What is the thousands digit of z?
8
Let z be (-4)/(-6)*(108/8 - 3). Let j(a) = 84*a - 139. What is the hundreds digit of j(z)?
4
Let n(t) = -2*t + 48. Let b be n(22). Suppose b + 1 = 5*p. Let x(u) = 45*u**3 - 3*u**2 + u + 1. What is the tens digit of x(p)?
4
Let l(o) = 21*o - 114. Let k(v) = 4*v - 23. Let b(x) = 11*k(x) - 2*l(x). Let c be b(18). Suppose -c*m = -10*m - 69. What is the tens digit of m?
6
Let d(o) = -o**3 - 2*o**2 - 95*o - 16. What is the units digit of d(-40)?
4
Suppose -5*o = -3*s + 20820, -7*s + 1338 = 3*o - 47198. What is the units digit of s?
5